t c(o) = o + 3. Let y be c(-6). Let u = -7 - y. Is 1 + 4*(-114)/u a prime number?
False
Let i be (-10)/(-35) - (-24)/14. Suppose 5*c + i = 2*y - 3, 0 = -4*y - 2*c + 70. Suppose 0 = 2*o - 7 - y. Is o composite?
False
Let y(c) = c - 1. Let j be 2/1*35/10. Let u be y(j). Suppose 0 = 2*d - u*d + 172. Is d a prime number?
True
Let v(g) = 22*g**2 - 15*g - 33. Is v(-10) a prime number?
False
Let c be -3*1*(-3 + 2). Let u(b) = b**2 - 3*b + 1. Let x be u(4). Suppose -20 = -5*y, -x*y = 2*q - c*q + 19. Is q prime?
False
Suppose 0 = -2*g - g + 1893. Is g prime?
True
Let p = -4017 - -8738. Is p a composite number?
False
Suppose -5*l = 19 + 11. Is (l - -5) + -1 + 55 a prime number?
True
Suppose 4*q - 5*k - 2858 = -43, -2*q + 5*k = -1405. Suppose -w - 4*w = -q. Is w composite?
True
Let l(s) = -s**2 - 15*s - 1. Let q be l(-6). Suppose -11 - 19 = t. Let i = t + q. Is i a prime number?
True
Suppose 4*b = 16, -3*b = -0*g + 3*g - 843. Is g a prime number?
True
Suppose 2*c + c + 5*s = -60, -5*c + s - 128 = 0. Let n(y) = -y**3 + 8*y**2 - 11. Let a be n(8). Let h = a - c. Is h a prime number?
False
Let w(r) = -7*r + 21 - 16 - 7. Let t(a) = -3*a**2. Let y be t(1). Is w(y) a composite number?
False
Suppose 2*p + 7 - 37 = 0. Suppose -3*k = p, 0*k + 2*k = -z + 201. Is z a composite number?
False
Suppose -2*i = -4*b - 6*i + 80, -3*b + 2*i = -65. Is b a composite number?
True
Suppose 0 = -2*o - 3*t + 530, -t - 287 = -o + 3*t. Is o prime?
True
Suppose -5 = k - 0*k, -5*p - 3*k + 2845 = 0. Suppose 4*c - 465 = -5*l, -4*l = -5*c - l + p. Is c a composite number?
True
Suppose -4*b - 3*a + 36 = 0, 4*a - 36 = 3*b - 7*b. Let t = 15 - b. Suppose 4*p = -t - 2, 5*r + 5*p - 145 = 0. Is r composite?
False
Let s(t) = -3*t - 23. Let f be s(-8). Let d(c) = 3016*c. Let i(u) = -67*u. Let k(n) = -2*d(n) - 91*i(n). Is k(f) prime?
False
Suppose 2*q + 54 = 5*x, 0 = 2*x - 3*q - 1 - 25. Suppose p - x = -p. Suppose -p*m - 4*d = -257, 2*m + 169 = 5*m - 5*d. Is m a prime number?
True
Let l(c) = 197*c**2 - 5*c - 1. Let r(x) = -198*x**2 + 6*x + 1. Let v(i) = 6*l(i) + 5*r(i). Is v(-1) a prime number?
True
Let q = 8 + -8. Suppose 2*v + 23 = 5*u + 96, 5*v + 5*u - 235 = 0. Suppose q = -3*h + h + v. Is h prime?
False
Suppose -2281 = 3*o - 7678. Is o a composite number?
True
Suppose -5*k + k = -24. Suppose 0*c = c + 5*y - 10, 0 = 5*c - y - 180. Suppose c = k*h - h. Is h prime?
True
Suppose 0*v - 32397 = -3*v. Is v composite?
False
Suppose 12 = -5*s + 3*g + 35, 0 = -s + 3*g + 7. Suppose q - 76 = -3*n - q, 106 = s*n + 5*q. Suppose -161 = -5*f + n. Is f a composite number?
False
Let g(l) = l**2 + 5*l - 2. Let v be g(-6). Suppose -6*t + v*t + 118 = 0. Is t prime?
True
Let c(t) = 11*t**2 + 10*t - 2. Is c(-5) composite?
False
Suppose -5*c + 45 = -2*c. Suppose -5*w - 2*h = -17, -2*w - 3*w + 21 = h. Is (0 + w)*9/c composite?
False
Suppose -5*l = 3*m - 169 - 37, -2*l - 4 = 0. Suppose -a - m = -283. Is a prime?
True
Let w = -30 + 54. Let z be (4/6)/(2/w). Suppose 2*s = 5*m - 81, 2 - z = 2*s. Is m a prime number?
False
Let n = 552 - 217. Is n a composite number?
True
Let d(o) = -o**3 + 3*o**2 + 3*o - 8. Let t be d(6). Let y = t + 175. Is y a prime number?
False
Let c be 0/2 + -8 + 48. Let f be 13/(-2)*(-8)/(-2). Let v = c + f. Is v a composite number?
True
Let v(u) be the third derivative of u**5/60 + u**4/12 + 3*u**3 + 5*u**2. Is v(-13) composite?
True
Suppose -3*m + 926 = 5*v, -3*v + 4*m + 549 = 8*m. Is v prime?
False
Let l = 347 - -1806. Is l a composite number?
False
Is (-1)/1*-1*331 a composite number?
False
Is (-2)/4 - (-1475)/2 a composite number?
True
Let s(v) = 260*v**2 + v - 3. Is s(2) a prime number?
True
Let x be (1 + -3 - -29)*-1. Let d = x + 64. Is d a composite number?
False
Let j = 21 - 7. Let a = -24 + j. Let n = 139 - a. Is n a composite number?
False
Let h = 98 - 56. Suppose 0 = -5*p + 3*p + h. Is p a prime number?
False
Let s = -1143 + 1642. Let a(i) = -4*i - 3. Let b be a(-2). Suppose -5*q = 5*m - 805, q - b*m - s = -2*q. Is q prime?
True
Suppose -3*z + 2*z + 622 = 0. Is z composite?
True
Is ((-3345)/6)/(-5)*2 a composite number?
False
Let x(u) = 52*u + 18. Let d(r) = -26*r - 9. Let w(g) = 5*d(g) + 3*x(g). Is w(7) composite?
False
Let j be (-6 - (-4 + 1))/(-1). Is (1 - 8)*(-69)/j a composite number?
True
Let m(z) = z**2 - 7*z - 3. Let h(u) = -3*u**2 + 22*u + 8. Let y(l) = 2*h(l) + 7*m(l). Is y(-7) a prime number?
True
Let w = 2925 + -1648. Is w prime?
True
Let i = 8 - -3. Suppose 5*s + i - 1 = 0. Let g(p) = -107*p - 3. Is g(s) composite?
False
Suppose 5*v = v + 16. Suppose 4*o - 5*g - 1847 = 0, 3*g + g + 2320 = 5*o. Is o/8 - (-2)/v composite?
False
Let c be 48/9*1668/16. Suppose -2*w + c = 2*w. Is w prime?
True
Suppose 3*h - 9 = 21. Is h a prime number?
False
Let l = 262 + -185. Is l a prime number?
False
Let i(s) = s**3 + s**2 - s + 38. Let k be i(0). Suppose k = 3*t - t. Is t composite?
False
Suppose -2*w + 9 = -29. Is w a prime number?
True
Suppose 4*t + 5*p = 467, 2*t - 234 = -4*p + 2*p. Is t composite?
True
Suppose 6*k - 973 = -k. Is k composite?
False
Let j(r) = -7*r**2 - 19*r - 17. Let o(i) = -3*i**2 - 10*i - 9. Let l(m) = 4*j(m) - 9*o(m). Is l(9) prime?
False
Let h(o) = 870*o**3 - 2*o**2 + o. Is h(1) prime?
False
Let s(m) = m**3 + 13*m**2 - 11. Is s(-10) prime?
False
Suppose -2*j - 2*j = 5*p - 3847, -2*p = 5*j - 4796. Is j composite?
True
Suppose -4*s - 69 - 521 = -5*j, 4*s = 2*j - 248. Suppose f + 17 = j. Is f composite?
False
Let c = -37 - -108. Is c a prime number?
True
Suppose -2*z - f = -3*z + 259, 2*f - 1060 = -4*z. Is z prime?
True
Let k(g) = 2*g**2 + 6*g - 3. Is k(-13) prime?
True
Let i(t) = -t**3 - t**2 - t + 419. Is i(0) prime?
True
Let u be -97*(0 + (-2)/2). Let v = u + -40. Is v composite?
True
Suppose 2*i + 5*o + 2435 = 7*i, 3*o = -i + 479. Is i prime?
False
Suppose v = -2*n + 7, 3*v = -n - v + 7. Let s be (n/4)/(2/(-56)). Let l = -15 - s. Is l a prime number?
False
Let n = -436 - -735. Is n a prime number?
False
Let r be (1/3 + 1)*108. Let g = 0 + 3. Suppose -g = 2*q + 1, 2*q - r = -4*k. Is k a composite number?
False
Suppose -128 - 167 = -g. Is g a composite number?
True
Suppose -182 = -5*x - 2*d - 9, 4*x - 3*d = 120. Is x a composite number?
True
Let n(r) = 5*r + r**3 + 0 - 2*r**3 - 1 + 2 + 8*r**2. Is n(6) a prime number?
True
Let t = -710 - -5797. Is t a prime number?
True
Let s be (24/(-9))/((-2)/(-264)). Let x = -53 - s. Is x a prime number?
False
Let k(i) = -3*i**2 + 0*i**2 - 3 - 6*i + 3*i**2 + 10*i**2. Let l be k(-7). Suppose -4*n + 123 + l = 0. Is n a composite number?
False
Let c = -144 - -203. Is c composite?
False
Let s(l) = -l**2 - 7*l + 6. Let v be 2/(-8) + 162/(-24). Is s(v) prime?
False
Let s be 8/12 - 1/(-3). Let z = 2 + s. Let q = 17 - z. Is q composite?
True
Is (-3182)/(-18) + (-6)/(-27) a composite number?
True
Let i be (0 - (-1)/2)*2. Let c(b) = -2*b**2. Let d be c(i). Is d/(-4) + 138/4 prime?
False
Suppose -4*k + 2378 = -2*k. Let x = -816 + k. Let r = -252 + x. Is r prime?
False
Suppose 0*n = n + 69. Suppose 0 = -5*j + 853 - 273. Let b = n + j. Is b composite?
False
Let m = 0 + -5. Let o = -6 - m. Is o/(-1*1/37) composite?
False
Suppose 4*p - 9 = a + 4, -5*p + 14 = -2*a. Suppose -1 + 16 = k - p*w, -3*w - 36 = -3*k. Is k prime?
True
Let x(u) = u**3 - 12*u**2 - 8*u - 8. Let s be x(13). Let h = -35 + s. Is h prime?
False
Suppose 1751 = 3*r - 4*m - 3678, 4*r + 3*m = 7247. Is r a prime number?
True
Let j(z) = z**3 + 13*z**2 + 22*z + 13. Is j(-9) composite?
False
Suppose -2*j + 7 = 3*y, j - 3*j = y + 3. Suppose -w - y*m = -156, 243 + 135 = 3*w - 3*m. Is w a prime number?
True
Let q(s) = 47*s**2 + 51*s - 3. Is q(-5) a composite number?
True
Let a(l) be the second derivative of -1/2*l**2 + 0 - l - 5/6*l**3. Is a(-2) a composite number?
True
Suppose b = -b + 222. Is b composite?
True
Suppose -2*z - 52 = 4*m, 0 = -3*z - z + 4*m - 44. Let y = z - -47. Is y prime?
True
Let h = 1 + -2. Let q = 1 + h. Suppose u + 0*u - 4 = q. Is u prime?
False
Let k(t) = 2*t**2 + 3*t + 2. Let x be k(-2). Let h be (0*2/x)/1. Suppose h = n - 88 - 9. Is n a prime number?
True
Let i = -1 - -4. Suppose 4*a = 2*q + 18, -q - 2*a - i*a - 9 = 0. Is 2/q - 505/(-45) prime?
True
Suppose o = 20 - 191. Suppose 0 = -2*h + 431 + 209. Let t = o + h. Is t prime?
True
Let c(k) = 7*k - 15. Is c(10) a